{"id":326554,"date":"2026-07-13T09:51:42","date_gmt":"2026-07-13T09:51:42","guid":{"rendered":"https:\/\/secure.cief.org\/wp\/?page_id=326554"},"modified":"2026-08-04T19:30:03","modified_gmt":"2026-08-04T19:30:03","slug":"congres-mondial-du-cief-a-athenes-en-grece-du-14-au-20-juin-2027","status":"publish","type":"page","link":"https:\/\/secure.cief.org\/wp\/?page_id=326554","title":{"rendered":"Congr\u00e8s mondial du CI\u00c9F \u00e0 Ath\u00e8nes en Gr\u00e8ce du 14 au 20 juin 2027"},"content":{"rendered":"<h2><span style=\"color: #008000;\"><strong>D\u00e9\/cloisonnement des fronti\u00e8res dans le monde francophone<\/strong><\/span><\/h2>\n<p><a href=\"https:\/\/secure.cief.org\/wp\/wp-content\/uploads\/2026\/08\/gettyimages-541408408-612x612-1.jpg\"><img loading=\"lazy\" decoding=\"async\" class=\" wp-image-326597 alignleft\" src=\"https:\/\/secure.cief.org\/wp\/wp-content\/uploads\/2026\/08\/gettyimages-541408408-612x612-1.jpg\" alt=\"\" width=\"230\" height=\"153\" srcset=\"https:\/\/secure.cief.org\/wp\/wp-content\/uploads\/2026\/08\/gettyimages-541408408-612x612-1.jpg 612w, https:\/\/secure.cief.org\/wp\/wp-content\/uploads\/2026\/08\/gettyimages-541408408-612x612-1-300x200.jpg 300w, https:\/\/secure.cief.org\/wp\/wp-content\/uploads\/2026\/08\/gettyimages-541408408-612x612-1-140x94.jpg 140w\" sizes=\"(max-width: 230px) 100vw, 230px\" \/><\/a>Le Conseil International d\u2019\u00c9tudes Francophones lance son appel \u00e0 communications pour le congr\u00e8s annuel qui se tiendra <strong>du 14 au 20 juin 2027 \u00e0 Ath\u00e8nes<\/strong>, l\u2019une des villes les plus riches au monde sur les plans historique et litt\u00e9raire, v\u00e9ritable berceau de la culture occidentale. Marqu\u00e9es par ses ruines antiques, Ath\u00e8nes reste un lieu symbolique \u00e0 l\u2019origine de la d\u00e9mocratie, de la philosophie et du th\u00e9\u00e2tre.<\/p>\n<p>&nbsp;<\/p>\n<div id=\"attachment_326598\" style=\"width: 280px\" class=\"wp-caption alignright\"><a href=\"https:\/\/secure.cief.org\/wp\/wp-content\/uploads\/2026\/08\/gettyimages-927468780-612x612-1.jpg\"><img loading=\"lazy\" decoding=\"async\" aria-describedby=\"caption-attachment-326598\" class=\" wp-image-326598\" src=\"https:\/\/secure.cief.org\/wp\/wp-content\/uploads\/2026\/08\/gettyimages-927468780-612x612-1.jpg\" alt=\"\" width=\"270\" height=\"180\" srcset=\"https:\/\/secure.cief.org\/wp\/wp-content\/uploads\/2026\/08\/gettyimages-927468780-612x612-1.jpg 612w, https:\/\/secure.cief.org\/wp\/wp-content\/uploads\/2026\/08\/gettyimages-927468780-612x612-1-300x200.jpg 300w, https:\/\/secure.cief.org\/wp\/wp-content\/uploads\/2026\/08\/gettyimages-927468780-612x612-1-140x94.jpg 140w\" sizes=\"(max-width: 270px) 100vw, 270px\" \/><\/a><p id=\"caption-attachment-326598\" class=\"wp-caption-text\"><span style=\"color: #800000;\">L&rsquo;Erechtheion, Getty Images<\/span><\/p><\/div>\n<p>Le th\u00e8me de cette 41<sup>e<\/sup> \u00e9dition portera sur les questions de fronti\u00e8re dansun sens large. Les fronti\u00e8res \u2014 g\u00e9ographiques, linguistiques, culturelles, politiques ou symboliques \u2014 constituent depuis longtemps\u00a0un objet central de r\u00e9flexion dans le champ des \u00e9tudes litt\u00e9raires et culturelles. Dans le monde francophone, ces fronti\u00e8res sont \u00e0 la fois h\u00e9rit\u00e9es d\u2019histoires complexes (colonisation, migrations, diasporas) et sans cesse red\u00e9finies par des dynamiques contemporaines de circulation, d\u2019hybridation et de r\u00e9sistance. En fait, les fronti\u00e8res ne constituent pas uniquement des lignes de s\u00e9paration, mais aussi des dispositifs de pouvoir, de circulation et de hi\u00e9rarchisation des savoirs, des langues et des corps. \u00c0 l\u2019instar des textes r\u00e9unis dans l\u2019ouvrage collectif <em>Travers\u00e9es et franchissements des fronti\u00e8res. Hommage \u00e0 Janet M. Paterson<\/em> (\u00c9ditions David, 2025), il faut plus que jamais penser \u00e0 la porosit\u00e9 du concept de fronti\u00e8re et \u00e0 l\u2019h\u00e9t\u00e9rog\u00e9n\u00e9it\u00e9 de ses repr\u00e9sentations litt\u00e9raires\u00a0et culturelles. D\u2019ailleurs, le num\u00e9ro r\u00e9cent de la revue <em>ELFe XX-XXI<\/em> avait pour th\u00e8me\u00a0\u00ab\u00a0<a href=\"https:\/\/journals.openedition.org\/elfe\/9173\">Ouvrir les fronti\u00e8res de la litt\u00e9rature fran\u00e7aise<\/a> \u00bb.<\/p>\n<p>Cet appel \u00e0 communications propose d\u2019explorer les processus de cloisonnement et de d\u00e9cloisonnement qui traversent les litt\u00e9ratures francophones, envisag\u00e9es dans leur pluralit\u00e9. Comment les \u0153uvres francophones interrogent-elles les limites \u2014 entre langues, territoires, identit\u00e9s ou genres litt\u00e9raires ? De quelles mani\u00e8res participent-elles \u00e0 la construction, \u00e0 la contestation ou \u00e0 la dissolution des fronti\u00e8res\u00a0?<\/p>\n<p>Pour de plus amples renseignements, veuillez consulter l&rsquo;appel complet <a href=\"https:\/\/secure.cief.org\/wp\/wp-content\/uploads\/2026\/08\/CIEF-2027-Appel-a\u0300-communications.docx\"><strong>en cliquan<\/strong>t <strong>ici<\/strong><\/a>.<\/p>\n<p>&nbsp;<\/p>\n<p><a href=\"https:\/\/secure.cief.org\/wp\/wp-content\/uploads\/2026\/08\/gettyimages-2206251193-612x612-1.jpg\"><img loading=\"lazy\" decoding=\"async\" class=\"aligncenter wp-image-326599\" src=\"https:\/\/secure.cief.org\/wp\/wp-content\/uploads\/2026\/08\/gettyimages-2206251193-612x612-1.jpg\" alt=\"\" width=\"459\" height=\"306\" srcset=\"https:\/\/secure.cief.org\/wp\/wp-content\/uploads\/2026\/08\/gettyimages-2206251193-612x612-1.jpg 612w, https:\/\/secure.cief.org\/wp\/wp-content\/uploads\/2026\/08\/gettyimages-2206251193-612x612-1-300x200.jpg 300w, https:\/\/secure.cief.org\/wp\/wp-content\/uploads\/2026\/08\/gettyimages-2206251193-612x612-1-140x94.jpg 140w\" sizes=\"(max-width: 459px) 100vw, 459px\" \/><\/a><\/p>\n","protected":false},"excerpt":{"rendered":"<p>D\u00e9\/cloisonnement des fronti\u00e8res dans le monde francophone Le Conseil International d\u2019\u00c9tudes Francophones lance son appel \u00e0 communications pour le congr\u00e8s annuel qui se tiendra du 14 au 20 juin 2027 \u00e0 Ath\u00e8nes, l\u2019une des villes les plus riches au monde sur les plans historique et litt\u00e9raire, v\u00e9ritable berceau de la culture occidentale. Marqu\u00e9es par ses [&hellip;]<\/p>\n","protected":false},"author":1,"featured_media":0,"parent":265,"menu_order":0,"comment_status":"closed","ping_status":"closed","template":"page-congres.php","meta":{"footnotes":""},"categories":[40],"tags":[],"class_list":["post-326554","page","type-page","status-publish","hentry","category-congres-2027"],"_links":{"self":[{"href":"https:\/\/secure.cief.org\/wp\/index.php?rest_route=\/wp\/v2\/pages\/326554","targetHints":{"allow":["GET"]}}],"collection":[{"href":"https:\/\/secure.cief.org\/wp\/index.php?rest_route=\/wp\/v2\/pages"}],"about":[{"href":"https:\/\/secure.cief.org\/wp\/index.php?rest_route=\/wp\/v2\/types\/page"}],"author":[{"embeddable":true,"href":"https:\/\/secure.cief.org\/wp\/index.php?rest_route=\/wp\/v2\/users\/1"}],"replies":[{"embeddable":true,"href":"https:\/\/secure.cief.org\/wp\/index.php?rest_route=%2Fwp%2Fv2%2Fcomments&post=326554"}],"version-history":[{"count":11,"href":"https:\/\/secure.cief.org\/wp\/index.php?rest_route=\/wp\/v2\/pages\/326554\/revisions"}],"predecessor-version":[{"id":326608,"href":"https:\/\/secure.cief.org\/wp\/index.php?rest_route=\/wp\/v2\/pages\/326554\/revisions\/326608"}],"up":[{"embeddable":true,"href":"https:\/\/secure.cief.org\/wp\/index.php?rest_route=\/wp\/v2\/pages\/265"}],"wp:attachment":[{"href":"https:\/\/secure.cief.org\/wp\/index.php?rest_route=%2Fwp%2Fv2%2Fmedia&parent=326554"}],"wp:term":[{"taxonomy":"category","embeddable":true,"href":"https:\/\/secure.cief.org\/wp\/index.php?rest_route=%2Fwp%2Fv2%2Fcategories&post=326554"},{"taxonomy":"post_tag","embeddable":true,"href":"https:\/\/secure.cief.org\/wp\/index.php?rest_route=%2Fwp%2Fv2%2Ftags&post=326554"}],"curies":[{"name":"wp","href":"https:\/\/api.w.org\/{rel}","templated":true}]}}

Congrès mondial du CIÉF à Athènes en Grèce du 14 au 20 juin 2027

<h2><span style="color: #008000;"><strong>Dé/cloisonnement des frontières dans le monde francophone</strong></span></h2>
<p><a href="https://secure.cief.org/wp/wp-content/uploads/2026/08/gettyimages-541408408-612x612-1.jpg"><img loading="lazy" decoding="async" class=" wp-image-326597 alignleft" src="https://secure.cief.org/wp/wp-content/uploads/2026/08/gettyimages-541408408-612x612-1.jpg" alt="" width="230" height="153" srcset="https://secure.cief.org/wp/wp-content/uploads/2026/08/gettyimages-541408408-612x612-1.jpg 612w, https://secure.cief.org/wp/wp-content/uploads/2026/08/gettyimages-541408408-612x612-1-300x200.jpg 300w, https://secure.cief.org/wp/wp-content/uploads/2026/08/gettyimages-541408408-612x612-1-140x94.jpg 140w" sizes="(max-width: 230px) 100vw, 230px" /></a>Le Conseil International d’Études Francophones lance son appel à communications pour le congrès annuel qui se tiendra <strong>du 14 au 20 juin 2027 à Athènes</strong>, l’une des villes les plus riches au monde sur les plans historique et littéraire, véritable berceau de la culture occidentale. Marquées par ses ruines antiques, Athènes reste un lieu symbolique à l’origine de la démocratie, de la philosophie et du théâtre.</p>
<p>&nbsp;</p>
<div id="attachment_326598" style="width: 280px" class="wp-caption alignright"><a href="https://secure.cief.org/wp/wp-content/uploads/2026/08/gettyimages-927468780-612x612-1.jpg"><img loading="lazy" decoding="async" aria-describedby="caption-attachment-326598" class=" wp-image-326598" src="https://secure.cief.org/wp/wp-content/uploads/2026/08/gettyimages-927468780-612x612-1.jpg" alt="" width="270" height="180" srcset="https://secure.cief.org/wp/wp-content/uploads/2026/08/gettyimages-927468780-612x612-1.jpg 612w, https://secure.cief.org/wp/wp-content/uploads/2026/08/gettyimages-927468780-612x612-1-300x200.jpg 300w, https://secure.cief.org/wp/wp-content/uploads/2026/08/gettyimages-927468780-612x612-1-140x94.jpg 140w" sizes="(max-width: 270px) 100vw, 270px" /></a><p id="caption-attachment-326598" class="wp-caption-text"><span style="color: #800000;">L&rsquo;Erechtheion, Getty Images</span></p></div>
<p>Le thème de cette 41<sup>e</sup> édition portera sur les questions de frontière dansun sens large. Les frontières — géographiques, linguistiques, culturelles, politiques ou symboliques — constituent depuis longtemps un objet central de réflexion dans le champ des études littéraires et culturelles. Dans le monde francophone, ces frontières sont à la fois héritées d’histoires complexes (colonisation, migrations, diasporas) et sans cesse redéfinies par des dynamiques contemporaines de circulation, d’hybridation et de résistance. En fait, les frontières ne constituent pas uniquement des lignes de séparation, mais aussi des dispositifs de pouvoir, de circulation et de hiérarchisation des savoirs, des langues et des corps. À l’instar des textes réunis dans l’ouvrage collectif <em>Traversées et franchissements des frontières. Hommage à Janet M. Paterson</em> (Éditions David, 2025), il faut plus que jamais penser à la porosité du concept de frontière et à l’hétérogénéité de ses représentations littéraires et culturelles. D’ailleurs, le numéro récent de la revue <em>ELFe XX-XXI</em> avait pour thème « <a href="https://journals.openedition.org/elfe/9173">Ouvrir les frontières de la littérature française</a> ».</p>
<p>Cet appel à communications propose d’explorer les processus de cloisonnement et de décloisonnement qui traversent les littératures francophones, envisagées dans leur pluralité. Comment les œuvres francophones interrogent-elles les limites — entre langues, territoires, identités ou genres littéraires ? De quelles manières participent-elles à la construction, à la contestation ou à la dissolution des frontières ?</p>
<p>Pour de plus amples renseignements, veuillez consulter l&rsquo;appel complet <a href="https://secure.cief.org/wp/wp-content/uploads/2026/08/CIEF-2027-Appel-à-communications.docx"><strong>en cliquan</strong>t <strong>ici</strong></a>.</p>
<p>&nbsp;</p>
<p><a href="https://secure.cief.org/wp/wp-content/uploads/2026/08/gettyimages-2206251193-612x612-1.jpg"><img loading="lazy" decoding="async" class="aligncenter wp-image-326599" src="https://secure.cief.org/wp/wp-content/uploads/2026/08/gettyimages-2206251193-612x612-1.jpg" alt="" width="459" height="306" srcset="https://secure.cief.org/wp/wp-content/uploads/2026/08/gettyimages-2206251193-612x612-1.jpg 612w, https://secure.cief.org/wp/wp-content/uploads/2026/08/gettyimages-2206251193-612x612-1-300x200.jpg 300w, https://secure.cief.org/wp/wp-content/uploads/2026/08/gettyimages-2206251193-612x612-1-140x94.jpg 140w" sizes="(max-width: 459px) 100vw, 459px" /></a></p>

<p>Dé/cloisonnement des frontières dans le monde francophone Le Conseil International d’Études Francophones lance son appel à communications pour le congrès annuel qui se tiendra du 14 au 20 juin 2027 à Athènes, l’une des villes les plus riches au monde sur les plans historique et littéraire, véritable berceau de la culture occidentale. Marquées par ses [&hellip;]</p>
