{"id":46993,"date":"2018-06-15T07:58:32","date_gmt":"2018-06-15T07:58:32","guid":{"rendered":"https:\/\/secure.cief.org\/wp\/?page_id=46993"},"modified":"2019-07-01T16:37:55","modified_gmt":"2019-07-01T16:37:55","slug":"32e-congres-du-cief-2","status":"publish","type":"page","link":"https:\/\/secure.cief.org\/wp\/?page_id=46993","title":{"rendered":"33e congr\u00e8s du CI\u00c9F \u00e0 Ottawa du 17 au 23 juin 2019"},"content":{"rendered":"<h3><span style=\"color: #800000;\"><a href=\"https:\/\/secure.cief.org\/wp\/wp-content\/uploads\/2019\/07\/Programme-officiel-ottawa2019.docx\">Programme officiel du congr\u00e8s<\/a> (cliquable)<\/span><\/h3>\n<h3><strong>Th\u00e8me directeur du congr\u00e8s 2019\u00a0: <\/strong><strong>Marges et pouvoir de la francophonie<\/strong><\/h3>\n<p>L\u2019\u00e9dition 2019 du congr\u00e8s du Conseil International d\u2019\u00c9tudes Francophones se tiendra \u00e0 Ottawa, la capitale du Canada. Ce lieu de rencontre n<strong><img loading=\"lazy\" decoding=\"async\" class=\" wp-image-47043 alignleft\" src=\"https:\/\/secure.cief.org\/wp\/wp-content\/uploads\/2018\/06\/ottawa-300x237.jpg\" alt=\"\" width=\"325\" height=\"257\" srcset=\"https:\/\/secure.cief.org\/wp\/wp-content\/uploads\/2018\/06\/ottawa-300x237.jpg 300w, https:\/\/secure.cief.org\/wp\/wp-content\/uploads\/2018\/06\/ottawa.jpg 494w\" sizes=\"(max-width: 325px) 100vw, 325px\" \/><\/strong>ous invite \u00e0 placer la question du pouvoir au centre de nos pr\u00e9occupations en lien avec l\u2019existence de communaut\u00e9s marginalis\u00e9es puisque le fran\u00e7ais, bien qu\u2019une des deux langues officielles du pays, est une langue minoritaire partout au Canada, sauf au Qu\u00e9bec. Raconter l\u2019histoire des marges culturelles et des individus marginalis\u00e9s permet pr\u00e9cis\u00e9ment de questionner le pouvoir en d\u00e9construisant les r\u00e9cits qui le fondent.<\/p>\n<p>Il s\u2019agira de r\u00e9fl\u00e9chir ensemble aux marges de la francophonie, aux rapports de pouvoir qui existent entre les langues certes, mais aussi entre les individus ou les groupes sociaux. Cette th\u00e9matique invite particuli\u00e8rement au dialogue entre les disciplines afin de comprendre les enjeux de la marginalit\u00e9 touchant \u00e0 la langue, la culture, la litt\u00e9rature, le cin\u00e9ma, la chanson, la politique, l\u2019histoire, la g\u00e9ographie et la p\u00e9dagogie, pour ne nommer que quelques-uns des domaines d\u2019\u00e9tude possibles.<\/p>\n<p><strong><span style=\"color: #800000;\">Le congr\u00e8s se tiendra au Pavillon Simard de l&rsquo;universit\u00e9 d&rsquo;Ottawa<\/span><\/strong><\/p>\n<h1 style=\"text-align: center;\"><strong><span style=\"color: #008000;\">PRIX CI\u00c9F 2019<\/span><\/strong><\/h1>\n<p><a href=\"https:\/\/secure.cief.org\/wp\/wp-content\/uploads\/2019\/01\/bhaentjens.png\"><img loading=\"lazy\" decoding=\"async\" class=\" wp-image-66316 alignleft\" src=\"https:\/\/secure.cief.org\/wp\/wp-content\/uploads\/2019\/01\/bhaentjens.png\" alt=\"\" width=\"190\" height=\"270\" \/><\/a>Le Conseil international d\u2019\u00e9tudes francophones (CI\u00c9F) est heureux d\u2019annoncer que la laur\u00e9ate du Prix CI\u00c9F 2019, qui sera remis le 17 juin dans le cadre de son congr\u00e8s annuel qui se tiendra \u00e0 l\u2019Universit\u00e9 d\u2019Ottawa, est <strong>Brigitte Haentjens<\/strong>.<\/p>\n<p>Passionn\u00e9e par la langue et la litt\u00e9rature, habit\u00e9e par les questions touchant l\u2019identit\u00e9, la sexualit\u00e9 et le pouvoir, Brigitte Haentjens est r\u00e9put\u00e9e pour ses productions originales et avant-gardistes, et son approche du th\u00e9\u00e2tre contemporain \u00e0 la fois inspir\u00e9e et po\u00e9tique. En 40 ans de carri\u00e8re, elle a mis en sc\u00e8ne plus de 50 productions et re\u00e7u de nombreux prix et distinctions. Elle est aujourd\u2019hui directrice artistique de la compagnie Sibyllines qu\u2019elle a fond\u00e9e en 1997 et du Th\u00e9\u00e2tre fran\u00e7ais du Centre national des Arts.<\/p>\n<p><strong>Brigitte Haentjens <\/strong>s\u2019installe en Ontario en 1977 et devient, en peu de temps, une des chefs de le de la cr\u00e9ation artistique franco-ontarienne \u00e0 Ottawa puis \u00e0 Sudbury o\u00f9 elle a dirig\u00e9 le Th\u00e9\u00e2tre du Nouvel Ontario pendant 8 ans. Elle d\u00e9m\u00e9nage \u00e0 Montr\u00e9al en 1991 o\u00f9 elle se fait rapidement conna\u00eetre par son style percutant, original, personnel. Elle assume quelques ann\u00e9es la direction artistique de la Nouvelle Compagnie Th\u00e9\u00e2trale avant de fonder sa propre compagnie Sibyllines, en 1997, pour y approfondir sa d\u00e9marche artistique dans un contexte de plus grande libert\u00e9. En 40 ans de carri\u00e8re, elle a sign\u00e9 7 livres, 3 chor\u00e9graphies et 55 mises en sc\u00e8ne de spectacles de th\u00e9\u00e2tre. Caligula (1993), Quartett (1996), Mademoiselle Julie (2001), La cloche de verre (2004), Tout comme elle (2006), L\u2019Op\u00e9ra de quat\u2019sous (2012) Richard III (2015), pour n\u2019en nommer que quelques unes, auront \u00e9t\u00e9 chaleureusement accueillies par le public et r\u00e9compens\u00e9es par la critique.\u00a0 Actuellement directrice du Th\u00e9\u00e2tre Fran\u00e7ais du CNA, et toujours de Sibyllines, elle a remport\u00e9 de nombreux prix, dont le Prix Siminovitch en 2007 et le Prix du Gouverneur g\u00e9n\u00e9ral pour les arts du spectacle en 2017. Brigitte Haentjens est \u00e9galement Compagnon de l&rsquo;Ordre des arts et des Lettres du Qu\u00e9bec (mai 2019).<\/p>\n<h1 style=\"text-align: center;\"><span style=\"color: #008000;\">TABLES RONDES<\/span><\/h1>\n<h5>1.\u00a0 Mardi 18 juin, 16h30-18h00<\/h5>\n<p><strong><span style=\"color: #800000;\">\u00ab Enjeux et d\u00e9fis de la cr\u00e9ation litt\u00e9raire en fran\u00e7ais en contexte minoritaire au Canada \u00bb<\/span><\/strong><\/p>\n<p>Commandit\u00e9e par le Regroupement des \u00e9diteurs franco-canadiens et la Chaire de recherche sur les cultures et les litt\u00e9ratures francophones du Canada (titulaire\u00a0: Lucie Hotte)<\/p>\n<p>Pr\u00e9sident\u00a0: Fr\u00e9d\u00e9ric Brisson, directeur g\u00e9n\u00e9ral du Regroupement des \u00e9diteurs franco-canadiens<\/p>\n<p>Auteurs invit\u00e9s\u00a0:<\/p>\n<p><strong>Herm\u00e9n\u00e9gilde Chiasson<\/strong> (Acadie)<\/p>\n<p><strong>Brigitte Haentjens<\/strong> (Ontario, laur\u00e9ate du prix CI\u00c9F)<\/p>\n<p><strong>Andr\u00e9e Lacelle<\/strong> (Ontario)<\/p>\n<p><strong>Roger L\u00e9veill\u00e9<\/strong> (Manitoba)<\/p>\n<h5>2.\u00a0 Jeudi 20 juin, 16h30-18h00<\/h5>\n<p><strong><span style=\"color: #800000;\">\u00ab\u00a0Former pour enseigner le fran\u00e7ais et en fran\u00e7ais en contexte linguistique minoritaire, plurilingue et pluriculturel\u00a0: \u00e9tats des lieux et perspectives de recherche\u00a0\u00bb<\/span><\/strong><\/p>\n<p>commandit\u00e9e par la Chaire de recherche en gestion des langues (titulaire\u00a0: Sylvie A. Lamoureux)<\/p>\n<p>Pr\u00e9sidente\u00a0: M\u00e9lanie Lescort, doctorante, D\u00e9partement de fran\u00e7ais, Universit\u00e9 d\u2019Ottawa et conseill\u00e8re p\u00e9dagogique provinciale en litt\u00e9ratie (Ontario)<\/p>\n<p>Invit\u00e9s\u00a0:<\/p>\n<p><strong>Julie Byrd Clark<\/strong>, professeure agr\u00e9g\u00e9e, Facult\u00e9 d\u2019\u00e9ducation, Western University\u00a0;<\/p>\n<p><strong>J\u00e9r\u00e9mie S\u00e9ror<\/strong>, professeur agr\u00e9g\u00e9, Directeur, Institut des langues officielles et du bilinguisme, Universit\u00e9 d\u2019Ottawa\u00a0;<\/p>\n<p><strong>Sylvie Roy<\/strong>, professeure titulaire, Vice-doyenne \u00e0 la recherche, Werklund School of Education, University of Calgary\u00a0;<\/p>\n<p><strong>Sylvie A. Lamoureux<\/strong>, \u00a0professeure titulaire, titulaire de la chaire de recherche en gestion des langues, Institut des langues officielles et du bilinguisme.<\/p>\n<div id=\"attachment_47077\" style=\"width: 297px\" class=\"wp-caption aligncenter\"><a href=\"https:\/\/secure.cief.org\/wp\/wp-content\/uploads\/2018\/06\/ottawa-1.jpg\"><img loading=\"lazy\" decoding=\"async\" aria-describedby=\"caption-attachment-47077\" class=\"wp-image-47077 size-medium\" title=\"Colline parlementaire, Ottawa\" src=\"https:\/\/secure.cief.org\/wp\/wp-content\/uploads\/2018\/06\/ottawa-1-287x300.jpg\" alt=\"\" width=\"287\" height=\"300\" srcset=\"https:\/\/secure.cief.org\/wp\/wp-content\/uploads\/2018\/06\/ottawa-1-287x300.jpg 287w, https:\/\/secure.cief.org\/wp\/wp-content\/uploads\/2018\/06\/ottawa-1-768x804.jpg 768w, https:\/\/secure.cief.org\/wp\/wp-content\/uploads\/2018\/06\/ottawa-1-978x1024.jpg 978w\" sizes=\"(max-width: 287px) 100vw, 287px\" \/><\/a><p id=\"caption-attachment-47077\" class=\"wp-caption-text\">Colline parlementaire, Ottawa<\/p><\/div>\n","protected":false},"excerpt":{"rendered":"<p>Programme officiel du congr\u00e8s (cliquable) Th\u00e8me directeur du congr\u00e8s 2019\u00a0: Marges et pouvoir de la francophonie L\u2019\u00e9dition 2019 du congr\u00e8s du Conseil International d\u2019\u00c9tudes Francophones se tiendra \u00e0 Ottawa, la capitale du Canada. Ce lieu de rencontre nous invite \u00e0 placer la question du pouvoir au centre de nos pr\u00e9occupations en lien avec l\u2019existence de [&hellip;]<\/p>\n","protected":false},"author":1,"featured_media":0,"parent":265,"menu_order":0,"comment_status":"closed","ping_status":"closed","template":"page-congres-2019.php","meta":{"footnotes":""},"categories":[23],"tags":[],"class_list":["post-46993","page","type-page","status-publish","hentry","category-congres-2019"],"_links":{"self":[{"href":"https:\/\/secure.cief.org\/wp\/index.php?rest_route=\/wp\/v2\/pages\/46993","targetHints":{"allow":["GET"]}}],"collection":[{"href":"https:\/\/secure.cief.org\/wp\/index.php?rest_route=\/wp\/v2\/pages"}],"about":[{"href":"https:\/\/secure.cief.org\/wp\/index.php?rest_route=\/wp\/v2\/types\/page"}],"author":[{"embeddable":true,"href":"https:\/\/secure.cief.org\/wp\/index.php?rest_route=\/wp\/v2\/users\/1"}],"replies":[{"embeddable":true,"href":"https:\/\/secure.cief.org\/wp\/index.php?rest_route=%2Fwp%2Fv2%2Fcomments&post=46993"}],"version-history":[{"count":31,"href":"https:\/\/secure.cief.org\/wp\/index.php?rest_route=\/wp\/v2\/pages\/46993\/revisions"}],"predecessor-version":[{"id":84182,"href":"https:\/\/secure.cief.org\/wp\/index.php?rest_route=\/wp\/v2\/pages\/46993\/revisions\/84182"}],"up":[{"embeddable":true,"href":"https:\/\/secure.cief.org\/wp\/index.php?rest_route=\/wp\/v2\/pages\/265"}],"wp:attachment":[{"href":"https:\/\/secure.cief.org\/wp\/index.php?rest_route=%2Fwp%2Fv2%2Fmedia&parent=46993"}],"wp:term":[{"taxonomy":"category","embeddable":true,"href":"https:\/\/secure.cief.org\/wp\/index.php?rest_route=%2Fwp%2Fv2%2Fcategories&post=46993"},{"taxonomy":"post_tag","embeddable":true,"href":"https:\/\/secure.cief.org\/wp\/index.php?rest_route=%2Fwp%2Fv2%2Ftags&post=46993"}],"curies":[{"name":"wp","href":"https:\/\/api.w.org\/{rel}","templated":true}]}}

33e congrès du CIÉF à Ottawa du 17 au 23 juin 2019

<h3><span style="color: #800000;"><a href="https://secure.cief.org/wp/wp-content/uploads/2019/07/Programme-officiel-ottawa2019.docx">Programme officiel du congrès</a> (cliquable)</span></h3>
<h3><strong>Thème directeur du congrès 2019 : </strong><strong>Marges et pouvoir de la francophonie</strong></h3>
<p>L’édition 2019 du congrès du Conseil International d’Études Francophones se tiendra à Ottawa, la capitale du Canada. Ce lieu de rencontre n<strong><img loading="lazy" decoding="async" class=" wp-image-47043 alignleft" src="https://secure.cief.org/wp/wp-content/uploads/2018/06/ottawa-300x237.jpg" alt="" width="325" height="257" srcset="https://secure.cief.org/wp/wp-content/uploads/2018/06/ottawa-300x237.jpg 300w, https://secure.cief.org/wp/wp-content/uploads/2018/06/ottawa.jpg 494w" sizes="(max-width: 325px) 100vw, 325px" /></strong>ous invite à placer la question du pouvoir au centre de nos préoccupations en lien avec l’existence de communautés marginalisées puisque le français, bien qu’une des deux langues officielles du pays, est une langue minoritaire partout au Canada, sauf au Québec. Raconter l’histoire des marges culturelles et des individus marginalisés permet précisément de questionner le pouvoir en déconstruisant les récits qui le fondent.</p>
<p>Il s’agira de réfléchir ensemble aux marges de la francophonie, aux rapports de pouvoir qui existent entre les langues certes, mais aussi entre les individus ou les groupes sociaux. Cette thématique invite particulièrement au dialogue entre les disciplines afin de comprendre les enjeux de la marginalité touchant à la langue, la culture, la littérature, le cinéma, la chanson, la politique, l’histoire, la géographie et la pédagogie, pour ne nommer que quelques-uns des domaines d’étude possibles.</p>
<p><strong><span style="color: #800000;">Le congrès se tiendra au Pavillon Simard de l&rsquo;université d&rsquo;Ottawa</span></strong></p>
<h1 style="text-align: center;"><strong><span style="color: #008000;">PRIX CIÉF 2019</span></strong></h1>
<p><a href="https://secure.cief.org/wp/wp-content/uploads/2019/01/bhaentjens.png"><img loading="lazy" decoding="async" class=" wp-image-66316 alignleft" src="https://secure.cief.org/wp/wp-content/uploads/2019/01/bhaentjens.png" alt="" width="190" height="270" /></a>Le Conseil international d’études francophones (CIÉF) est heureux d’annoncer que la lauréate du Prix CIÉF 2019, qui sera remis le 17 juin dans le cadre de son congrès annuel qui se tiendra à l’Université d’Ottawa, est <strong>Brigitte Haentjens</strong>.</p>
<p>Passionnée par la langue et la littérature, habitée par les questions touchant l’identité, la sexualité et le pouvoir, Brigitte Haentjens est réputée pour ses productions originales et avant-gardistes, et son approche du théâtre contemporain à la fois inspirée et poétique. En 40 ans de carrière, elle a mis en scène plus de 50 productions et reçu de nombreux prix et distinctions. Elle est aujourd’hui directrice artistique de la compagnie Sibyllines qu’elle a fondée en 1997 et du Théâtre français du Centre national des Arts.</p>
<p><strong>Brigitte Haentjens </strong>s’installe en Ontario en 1977 et devient, en peu de temps, une des chefs de le de la création artistique franco-ontarienne à Ottawa puis à Sudbury où elle a dirigé le Théâtre du Nouvel Ontario pendant 8 ans. Elle déménage à Montréal en 1991 où elle se fait rapidement connaître par son style percutant, original, personnel. Elle assume quelques années la direction artistique de la Nouvelle Compagnie Théâtrale avant de fonder sa propre compagnie Sibyllines, en 1997, pour y approfondir sa démarche artistique dans un contexte de plus grande liberté. En 40 ans de carrière, elle a signé 7 livres, 3 chorégraphies et 55 mises en scène de spectacles de théâtre. Caligula (1993), Quartett (1996), Mademoiselle Julie (2001), La cloche de verre (2004), Tout comme elle (2006), L’Opéra de quat’sous (2012) Richard III (2015), pour n’en nommer que quelques unes, auront été chaleureusement accueillies par le public et récompensées par la critique.  Actuellement directrice du Théâtre Français du CNA, et toujours de Sibyllines, elle a remporté de nombreux prix, dont le Prix Siminovitch en 2007 et le Prix du Gouverneur général pour les arts du spectacle en 2017. Brigitte Haentjens est également Compagnon de l&rsquo;Ordre des arts et des Lettres du Québec (mai 2019).</p>
<h1 style="text-align: center;"><span style="color: #008000;">TABLES RONDES</span></h1>
<h5>1.  Mardi 18 juin, 16h30-18h00</h5>
<p><strong><span style="color: #800000;">« Enjeux et défis de la création littéraire en français en contexte minoritaire au Canada »</span></strong></p>
<p>Commanditée par le Regroupement des éditeurs franco-canadiens et la Chaire de recherche sur les cultures et les littératures francophones du Canada (titulaire : Lucie Hotte)</p>
<p>Président : Frédéric Brisson, directeur général du Regroupement des éditeurs franco-canadiens</p>
<p>Auteurs invités :</p>
<p><strong>Herménégilde Chiasson</strong> (Acadie)</p>
<p><strong>Brigitte Haentjens</strong> (Ontario, lauréate du prix CIÉF)</p>
<p><strong>Andrée Lacelle</strong> (Ontario)</p>
<p><strong>Roger Léveillé</strong> (Manitoba)</p>
<h5>2.  Jeudi 20 juin, 16h30-18h00</h5>
<p><strong><span style="color: #800000;">« Former pour enseigner le français et en français en contexte linguistique minoritaire, plurilingue et pluriculturel : états des lieux et perspectives de recherche »</span></strong></p>
<p>commanditée par la Chaire de recherche en gestion des langues (titulaire : Sylvie A. Lamoureux)</p>
<p>Présidente : Mélanie Lescort, doctorante, Département de français, Université d’Ottawa et conseillère pédagogique provinciale en littératie (Ontario)</p>
<p>Invités :</p>
<p><strong>Julie Byrd Clark</strong>, professeure agrégée, Faculté d’éducation, Western University ;</p>
<p><strong>Jérémie Séror</strong>, professeur agrégé, Directeur, Institut des langues officielles et du bilinguisme, Université d’Ottawa ;</p>
<p><strong>Sylvie Roy</strong>, professeure titulaire, Vice-doyenne à la recherche, Werklund School of Education, University of Calgary ;</p>
<p><strong>Sylvie A. Lamoureux</strong>,  professeure titulaire, titulaire de la chaire de recherche en gestion des langues, Institut des langues officielles et du bilinguisme.</p>
<div id="attachment_47077" style="width: 297px" class="wp-caption aligncenter"><a href="https://secure.cief.org/wp/wp-content/uploads/2018/06/ottawa-1.jpg"><img loading="lazy" decoding="async" aria-describedby="caption-attachment-47077" class="wp-image-47077 size-medium" title="Colline parlementaire, Ottawa" src="https://secure.cief.org/wp/wp-content/uploads/2018/06/ottawa-1-287x300.jpg" alt="" width="287" height="300" srcset="https://secure.cief.org/wp/wp-content/uploads/2018/06/ottawa-1-287x300.jpg 287w, https://secure.cief.org/wp/wp-content/uploads/2018/06/ottawa-1-768x804.jpg 768w, https://secure.cief.org/wp/wp-content/uploads/2018/06/ottawa-1-978x1024.jpg 978w" sizes="(max-width: 287px) 100vw, 287px" /></a><p id="caption-attachment-47077" class="wp-caption-text">Colline parlementaire, Ottawa</p></div>

<p>Programme officiel du congrès (cliquable) Thème directeur du congrès 2019 : Marges et pouvoir de la francophonie L’édition 2019 du congrès du Conseil International d’Études Francophones se tiendra à Ottawa, la capitale du Canada. Ce lieu de rencontre nous invite à placer la question du pouvoir au centre de nos préoccupations en lien avec l’existence de [&hellip;]</p>
