{"id":950,"date":"2016-06-09T14:51:56","date_gmt":"2016-06-09T14:51:56","guid":{"rendered":"https:\/\/secure.cief.org\/wp\/?page_id=950"},"modified":"2017-07-13T14:02:19","modified_gmt":"2017-07-13T14:02:19","slug":"excursions","status":"publish","type":"page","link":"https:\/\/secure.cief.org\/wp\/?page_id=950","title":{"rendered":"Excursions"},"content":{"rendered":"<p><strong><em>C\u0153ur des \u00eeles<\/em><\/strong> nous propose les excursions suivantes \u00e0 la d\u00e9couverte de la Martinique :<\/p>\n<p>Le mercredi 28 juin 2017, <em><a href=\"https:\/\/secure.cief.org\/wp\/wp-content\/uploads\/2017\/06\/DEMI-JOURNEE-SUD-modif.pdf\"><span style=\"color: #008000;\">Demi-journ\u00e9e sud<\/span><\/a> : <\/em>visite de sites historiques<span style=\"color: #003300;\"><span style=\"color: #008000;\"><span style=\"color: #000000;\">. <\/span><br \/>\n<\/span><\/span><\/p>\n<p>Le samedi 1er juillet 2017, <span style=\"color: #008000;\"><a href=\"https:\/\/secure.cief.org\/wp\/wp-content\/uploads\/2017\/06\/JOURNEE-CATAMARAN-COTE-SUD-CARAIBE-mod.pdf\"><em>Journ\u00e9e en catamaran<\/em> <em>Sud Cara\u00efbe<\/em><\/a> : <span style=\"color: #000000;\">paysages c\u00f4tiers et plaisirs nautiques OU<em> <span style=\"color: #008000;\"><a href=\"https:\/\/secure.cief.org\/wp\/wp-content\/uploads\/2017\/06\/GRAND-NORD-ATLANTIQUE-modif.pdf\">Le Nord Atlantique<\/a> : <\/span><\/em><span style=\"color: #008000;\"><span style=\"color: #000000;\">botanique et vestiges du pass\u00e9<\/span><\/span><\/span><\/span><\/p>\n<p>Le dimanche 2 juillet 2017,<span style=\"color: #008000;\"><a href=\"https:\/\/secure.cief.org\/wp\/wp-content\/uploads\/2017\/06\/JOURNEE-CATAMARAN-COTE-SUD-CARAIBE-mod.pdf\"><em> Journ\u00e9e en catamaran<\/em> <em>Sud Cara\u00efbe<\/em><\/a> : <span style=\"color: #000000;\">paysages c\u00f4tiers et plaisirs nautiques OU <em><span style=\"color: #008000;\"><a href=\"https:\/\/secure.cief.org\/wp\/wp-content\/uploads\/2017\/06\/GRAND-NORD-ATLANTIQUE-modif.pdf\"> Le Nord Atlantique<\/a> :<\/span> <\/em>botanique et vestiges du pass\u00e9<\/span><\/span><\/p>\n<p><span style=\"color: #000000;\">Pri\u00e8re de remplir le <a href=\"https:\/\/secure.cief.org\/wp\/wp-content\/uploads\/2017\/06\/Formulaire-reservation-cief.docx\">formulaire de r\u00e9servation<\/a> ET la <a href=\"https:\/\/secure.cief.org\/wp\/wp-content\/uploads\/2017\/06\/AUTORISATION-POUR-VAD-COEUR-DES-ILES.pdf\">fiche d&rsquo;autorisation de paiement<\/a>.<br \/>\n<\/span><\/p>\n<p>&nbsp;<\/p>\n<p>Au plaisir de d\u00e9couvrir la Martinique en votre compagnie&#8230;<\/p>\n<p>&nbsp;<\/p>\n<p>&nbsp;<\/p>\n<p>&nbsp;<\/p>\n<p>&nbsp;<\/p>\n<p>&nbsp;<\/p>\n<p>&nbsp;<\/p>\n","protected":false},"excerpt":{"rendered":"<p>C\u0153ur des \u00eeles nous propose les excursions suivantes \u00e0 la d\u00e9couverte de la Martinique : Le mercredi 28 juin 2017, Demi-journ\u00e9e sud : visite de sites historiques. Le samedi 1er juillet 2017, Journ\u00e9e en catamaran Sud Cara\u00efbe : paysages c\u00f4tiers et plaisirs nautiques OU Le Nord Atlantique : botanique et vestiges du pass\u00e9 Le dimanche [&hellip;]<\/p>\n","protected":false},"author":1,"featured_media":0,"parent":913,"menu_order":0,"comment_status":"closed","ping_status":"open","template":"page-congres-2017.php","meta":{"footnotes":""},"categories":[13],"tags":[],"class_list":["post-950","page","type-page","status-publish","hentry","category-congres-2017"],"_links":{"self":[{"href":"https:\/\/secure.cief.org\/wp\/index.php?rest_route=\/wp\/v2\/pages\/950","targetHints":{"allow":["GET"]}}],"collection":[{"href":"https:\/\/secure.cief.org\/wp\/index.php?rest_route=\/wp\/v2\/pages"}],"about":[{"href":"https:\/\/secure.cief.org\/wp\/index.php?rest_route=\/wp\/v2\/types\/page"}],"author":[{"embeddable":true,"href":"https:\/\/secure.cief.org\/wp\/index.php?rest_route=\/wp\/v2\/users\/1"}],"replies":[{"embeddable":true,"href":"https:\/\/secure.cief.org\/wp\/index.php?rest_route=%2Fwp%2Fv2%2Fcomments&post=950"}],"version-history":[{"count":12,"href":"https:\/\/secure.cief.org\/wp\/index.php?rest_route=\/wp\/v2\/pages\/950\/revisions"}],"predecessor-version":[{"id":8388,"href":"https:\/\/secure.cief.org\/wp\/index.php?rest_route=\/wp\/v2\/pages\/950\/revisions\/8388"}],"up":[{"embeddable":true,"href":"https:\/\/secure.cief.org\/wp\/index.php?rest_route=\/wp\/v2\/pages\/913"}],"wp:attachment":[{"href":"https:\/\/secure.cief.org\/wp\/index.php?rest_route=%2Fwp%2Fv2%2Fmedia&parent=950"}],"wp:term":[{"taxonomy":"category","embeddable":true,"href":"https:\/\/secure.cief.org\/wp\/index.php?rest_route=%2Fwp%2Fv2%2Fcategories&post=950"},{"taxonomy":"post_tag","embeddable":true,"href":"https:\/\/secure.cief.org\/wp\/index.php?rest_route=%2Fwp%2Fv2%2Ftags&post=950"}],"curies":[{"name":"wp","href":"https:\/\/api.w.org\/{rel}","templated":true}]}}

<p><strong><em>Cœur des îles</em></strong> nous propose les excursions suivantes à la découverte de la Martinique :</p>
<p>Le mercredi 28 juin 2017, <em><a href="https://secure.cief.org/wp/wp-content/uploads/2017/06/DEMI-JOURNEE-SUD-modif.pdf"><span style="color: #008000;">Demi-journée sud</span></a> : </em>visite de sites historiques<span style="color: #003300;"><span style="color: #008000;"><span style="color: #000000;">. </span><br />
</span></span></p>
<p>Le samedi 1er juillet 2017, <span style="color: #008000;"><a href="https://secure.cief.org/wp/wp-content/uploads/2017/06/JOURNEE-CATAMARAN-COTE-SUD-CARAIBE-mod.pdf"><em>Journée en catamaran</em> <em>Sud Caraïbe</em></a> : <span style="color: #000000;">paysages côtiers et plaisirs nautiques OU<em> <span style="color: #008000;"><a href="https://secure.cief.org/wp/wp-content/uploads/2017/06/GRAND-NORD-ATLANTIQUE-modif.pdf">Le Nord Atlantique</a> : </span></em><span style="color: #008000;"><span style="color: #000000;">botanique et vestiges du passé</span></span></span></span></p>
<p>Le dimanche 2 juillet 2017,<span style="color: #008000;"><a href="https://secure.cief.org/wp/wp-content/uploads/2017/06/JOURNEE-CATAMARAN-COTE-SUD-CARAIBE-mod.pdf"><em> Journée en catamaran</em> <em>Sud Caraïbe</em></a> : <span style="color: #000000;">paysages côtiers et plaisirs nautiques OU <em><span style="color: #008000;"><a href="https://secure.cief.org/wp/wp-content/uploads/2017/06/GRAND-NORD-ATLANTIQUE-modif.pdf"> Le Nord Atlantique</a> :</span> </em>botanique et vestiges du passé</span></span></p>
<p><span style="color: #000000;">Prière de remplir le <a href="https://secure.cief.org/wp/wp-content/uploads/2017/06/Formulaire-reservation-cief.docx">formulaire de réservation</a> ET la <a href="https://secure.cief.org/wp/wp-content/uploads/2017/06/AUTORISATION-POUR-VAD-COEUR-DES-ILES.pdf">fiche d&rsquo;autorisation de paiement</a>.<br />
</span></p>
<p>&nbsp;</p>
<p>Au plaisir de découvrir la Martinique en votre compagnie&#8230;</p>
<p>&nbsp;</p>
<p>&nbsp;</p>
<p>&nbsp;</p>
<p>&nbsp;</p>
<p>&nbsp;</p>
<p>&nbsp;</p>

<p>Cœur des îles nous propose les excursions suivantes à la découverte de la Martinique : Le mercredi 28 juin 2017, Demi-journée sud : visite de sites historiques. Le samedi 1er juillet 2017, Journée en catamaran Sud Caraïbe : paysages côtiers et plaisirs nautiques OU Le Nord Atlantique : botanique et vestiges du passé Le dimanche [&hellip;]</p>
